7
Let r = 31 + -88. Let o = r - -82. What are the prime factors of o?
5
List the prime factors of ((-280)/4)/5*-48.
2, 3, 7
Let p(x) = -204*x + 224. List the prime factors of p(-6).
2, 181
Suppose 28*r + 26 = 30*r. Let t(u) = -u**3 + 12*u**2 + 18*u - 3. List the prime factors of t(r).
2, 31
List the prime factors of 2286/(-36)*(2 + -33)*2.
31, 127
Let r = -29 - -33. Suppose 4*t - r*w - 280 = 0, -w + 273 = 4*t + 2*w. List the prime factors of t.
3, 23
What are the prime factors of -6 - -1 - (-75 - -2)?
2, 17
Suppose -312 = -6*g + 330. Let y = g + -43. List the prime factors of y.
2
Suppose 2*v + 80 = 3*v - a, -3*a + 96 = v. Suppose -3*m + 276 = v. List the prime factors of m.
2
Let p(l) = -l**2 - 7*l + 4. Let w be 2 + (6/(-3) - 4). Let y be p(w). Let k = y + -8. List the prime factors of k.
2
Let a(t) be the third derivative of -3*t**4/8 + t**3/6 + 6*t**2. Let p = -15 + 9. List the prime factors of a(p).
5, 11
Let q(n) = -3*n - 18. Let d be q(-8). Let g(s) = s**3 - 6*s**2 + 2*s + 12. What are the prime factors of g(d)?
2, 3
Let h(x) = x**2 - 2*x - 6. Let p be h(4). Suppose -4*s + p = -6. List the prime factors of 3/1*14/s.
3, 7
Suppose 2*u - 5700 = -2*o, o - 3*u + 1377 = 4239. What are the prime factors of o?
3, 317
Let o be (-5 - -7) + 42 + -2. Suppose 4 = i - o. What are the prime factors of i?
2, 23
Let i(t) be the second derivative of t**5/20 + 5*t**4/12 + t**2 - t. Let o(s) = -s**2 + 6*s - 4. Let r be o(6). List the prime factors of i(r).
2, 3
Let j be 2576/48 + (-1)/(-3). Suppose 20 = 4*t + 64. Let q = j - t. List the prime factors of q.
5, 13
Let l(t) = -2*t**2 + 3. Let v be l(-2). Let d = v - -9. Suppose -116 = -4*x + 2*f, -82 = x - d*x + 4*f. What are the prime factors of x?
2, 3, 5
Suppose 6591 = 11*k + 79. List the prime factors of k.
2, 37
Suppose -10*u = -5*u - 1795. Let o = u - 229. List the prime factors of o.
2, 5, 13
Let r = 5443 - 3199. Suppose 5*j - r = -7*j. List the prime factors of j.
11, 17
Let j be 2 - (1 - -11) - 4. Let v = -12 - j. What are the prime factors of (-3366)/(-121) - v/(-11)?
2, 7
Let b = 196 - -102. Let q = 505 - b. List the prime factors of q.
3, 23
Let w = 186 + 736. List the prime factors of w.
2, 461
Suppose -d + 6 = 1. Suppose -381 = -d*z + 854. What are the prime factors of z?
13, 19
Let k be 1*1/(3/(-54)). Let i = 1 + k. What are the prime factors of i*(3 + -4)*1?
17
Let z(c) = 28*c + 1. Let g be z(-1). Let n = 15 + g. Let p = -4 - n. List the prime factors of p.
2
Let v(s) = s**3 - 5*s**2 + 7*s - 6. Let l be v(4). Suppose 0 = -j + l*j - 440. List the prime factors of j.
2, 11
Suppose -5*r + 20 = 0, 0*x - 5*x = -4*r - 54. Suppose 13 + 0 = 5*l - 4*t, -4*l + 2*t + x = 0. Suppose 0*n - 130 = -l*n. List the prime factors of n.
2, 13
Suppose 20*d = -4582 + 17462. List the prime factors of d.
2, 7, 23
Let j(w) = 2*w + 37. Let p be j(-19). Let d(q) be the second derivative of 3*q**4/2 - q**3/6 - q. What are the prime factors of d(p)?
19
Suppose -4*v = 74*o - 75*o + 1732, 0 = 2*o + 5*v - 3529. What are the prime factors of o?
2, 3, 73
Let o(k) = 4*k**2 - 12*k + 4. Let u be o(5). Let a = u - 40. List the prime factors of a.
2
Let p(l) = -l**2 - 12*l - 9. Let g be ((-11)/(-4))/(1/(-4)). Let s be p(g). Suppose -4*d = s*w - 18, -d + 2*w + 4 = 2. List the prime factors of d.
2
List the prime factors of 4 + (2 - (4 + 0)) + 270.
2, 17
Suppose -17*i + 24 = -13*i. List the prime factors of 2/i + 1388/12.
2, 29
What are the prime factors of -2*1 + 1035/(-9)*-3?
7
Let g(y) = y**3 - 3*y**2 - 10*y + 19. List the prime factors of g(5).
19
Let y be 585 - 18 - (-3)/(6/(-4)). Suppose 0 = -2*m - 63 + y. List the prime factors of m.
251
List the prime factors of (-1)/(-4) + (-3)/((-60)/13915).
2, 3, 29
Suppose 0 = 5*t + 20, -2*u - 4*t - 196 = -5*u. Suppose z + z = 4, -u = -x - z. List the prime factors of x.
2, 29
Suppose 4*n - 850 = 1282. What are the prime factors of n?
13, 41
Let q(t) = t + 2. Let z be q(1). Suppose d = -5*n, 0*n - 22 = -5*d - z*n. Suppose 18 = x - 2*j + d*j, j - 48 = -5*x. What are the prime factors of x?
3
Suppose 7*c = 2*c - r + 31, -3*c + 29 = -2*r. Suppose 4*q - c*q = -81. What are the prime factors of q?
3
Let b(k) = k**2 - 5*k - 3. Let x be b(-11). Suppose -5*v + 355 = 4*d - x, -2*d = -2*v - 246. What are the prime factors of d?
127
Let w(o) = -o + 6. Let v be w(0). Let p(s) = -s. Let r(x) = x - 24. Let g(k) = v*p(k) + r(k). What are the prime factors of g(-17)?
61
Let g(w) = 4*w**2 + 1. Let l be ((-8)/(-16))/(2/(-4)). Let i be g(l). Suppose i*f - 4*f + 5*o + 21 = 0, 2*o = -3*f + 2. What are the prime factors of f?
2
Suppose 2*t - 1016 = -3*k - 3*t, 5*k - t - 1740 = 0. List the prime factors of k.
347
Suppose 620 = 3*o + 4*r, -794 - 274 = -5*o + 2*r. Let j = -119 + o. List the prime factors of j.
3, 31
Suppose 4*s = 11*s - 1477. What are the prime factors of s?
211
Let w(u) = u**2 + 8*u + 13. Let c be 1/5 + 108/(-15). List the prime factors of w(c).
2, 3
Suppose -3 = -j + r + 1, r - 11 = -4*j. Suppose 25 = -5*x + 10*x. Suppose q - 36 = -x*y, -3*y = -0*y + j. What are the prime factors of q?
41
Suppose 2*p + 5*j - 4*j = 1946, 0 = -3*p - 2*j + 2918. List the prime factors of p.
2, 487
Let l(q) = -30*q**2 - 3*q - 2. Let p be l(-1). Let k = p + 33. Suppose k*j - 116 = 5*g, -j - j - 5*g = -58. List the prime factors of j.
29
Suppose 0 = -165*z + 117*z + 18720. List the prime factors of z.
2, 3, 5, 13
Let p(z) = z**2 - 12*z + 14. Let o be (-75)/(-7) - 12/(-42). Let y be p(o). Suppose q - 5 - 2 = -3*m, 0 = m + y. What are the prime factors of q?
2
Suppose -q = 2*v + 34, 3*v + 0*v + 6 = 0. What are the prime factors of 188/26*5 + q/195?
2, 3
Let d = -1203 - -2715. List the prime factors of d.
2, 3, 7
Let c = 713 - 108. List the prime factors of c.
5, 11
Let c(u) = u**2 + u - 1. Let b(y) = -y**2 + 1. Let l(p) = -5*b(p) - 3*c(p). Let r be l(-5). What are the prime factors of 56/(-2)*(-54)/r?
2, 3
Let d(w) = -w**3 + 7*w**2 + 2. Let s be d(7). Let c(u) = u**2 - 1. Let x be c(s). Suppose -p + 3 = -x. What are the prime factors of p?
2, 3
Let s be -4*(3 + (-14)/4). Let f = 87 - 32. Suppose 0 = s*r - 7*r + f. What are the prime factors of r?
11
Let i(l) = l**3 - l**2 - 7*l - 13. What are the prime factors of i(7)?
2, 29
Let q = 6198 - 4289. What are the prime factors of q?
23, 83
Suppose 614 = 3*p - 232. What are the prime factors of p?
2, 3, 47
Let d(r) = -778*r + 229. What are the prime factors of d(-4)?
13, 257
Let x = 659 - 447. What are the prime factors of x?
2, 53
Let l be -2*(1 - 4)/3. Suppose 4*x = -l*w + 9 + 3, 8 = 2*w + 2*x. Suppose 80 = 2*b + w*r, -b + 100 = 2*b - r. List the prime factors of b.
5, 7
Let t(x) = -2*x**3 - 4*x**2 - 12*x + 2. Let j(y) = 3*y**3 + 9*y**2 + 23*y - 5. Let i(z) = -3*j(z) - 5*t(z). List the prime factors of i(10).
5, 43
Let d(o) = -3*o + 52. Let c be d(16). Suppose 82 = c*g - 2. What are the prime factors of g?
3, 7
Let p = -11 + -25. What are the prime factors of (-24)/p - 20/(-6)?
2
Let x = 2 + -8. Let j be (24/9)/(x/(-9)). Suppose -j*f = 3*z - 97, 4*f - z - 110 + 25 = 0. List the prime factors of f.
2, 11
Let a be (-110)/4 - (-9)/6. Let x = a + -20. Let d = x - -73. List the prime factors of d.
3
Let y(l) = l + 13. Let j be y(-9). Suppose -c - 4*m - m + 103 = 0, -j*m + 364 = 4*c. List the prime factors of c.
2, 11
What are the prime factors of 1869/4 + 132/(-16) + 8?
467
Suppose -a - 5 + 2 = 0. Let p be (-15)/9*4*a. Suppose p = -k + 3*k - 4*i, -k + 8 = -3*i. List the prime factors of k.
2, 7
Let m(s) = -10 - s + s**2 + 6 + 11. What are the prime factors of m(3)?
13
Let u be -5 + (-12)/(-3) - -3. Let h(c) = 23*c + 4. What are the prime factors of h(u)?
2, 5
Suppose 18*x - 38 = -o + 19*x, -2*x + 183 = 5*o. Let a be 2/(-8) + (-1083)/(-12). Let t = a - o. What are the prime factors of t?
53
Suppose 3 + 0 = x. Suppose x*b + 76 = -3*a + 5*b, 120 = -4*a - 2*b. Let i = a + 64. What are the prime factors of i?
2, 3
List the prime factors of (-1200)/140*35/(-2).
2, 3, 5
Let n(o) = -o**2 - o - 1. Let s be n(-4). Let v(d) = -9*d - 7. List the prime factors of v(s).
2, 5, 11
Let w(o) = 44*o + 2. Let t(b) = b**2 + 16*b + 11. Let j be t(-15). Let u be (-1)/(-3) - j/6. What are the prime factors of w(u)?
2, 23
Suppose -3*l = 4*w - 19205, -3*w = 100*l - 96*l - 14409. List the prime facto